t is the greatest common divisor of l and 9?
9
Let u = -2 + 12. What is the highest common divisor of 15 and u?
5
Let k be (-1)/(-3) + (-76)/12. Let r be (-44)/k + (-40)/30. What is the highest common divisor of 6 and r?
6
Suppose -j + g + 141 - 4 = 0, -2*j + 270 = 2*g. Suppose 5*d = 2*x - x + 244, 3*d - j = -2*x. What is the highest common factor of 6 and d?
6
Suppose k + 140 = 6*k. Suppose 3*w + 5*r + 3 = 0, w + 3*r = r - 2. Let a be w/6 + (-30)/(-9). What is the greatest common divisor of a and k?
4
Let d be (-14)/(-4) + 3/(-6). Suppose d*r - 34 = 6*n - 2*n, -r - 10 = 4*n. Suppose -109 - 11 = -4*h. What is the greatest common factor of h and r?
6
Let k be 1/(-3) + ((-30310)/(-21))/10. Calculate the greatest common divisor of k and 9.
9
Suppose -4*h + 4 = 0, 2*w + 5*h - 2 = 7. Suppose 25 = w*x - 3*k, 2*k - 19 = -2*x - k. Calculate the greatest common divisor of x and 11.
11
Let l = 55 + -20. Suppose -4*m - 14 = -3*d - 2*m, -2*m = -4*d + 16. Suppose 2*z = -d*z + 28. What is the highest common factor of z and l?
7
Suppose 0 = -3*r - 0*r + 36. Suppose 104 + 226 = 3*l. Suppose -3*w = -2*a - l, 3*a - 43 - 26 = -2*w. What is the highest common factor of w and r?
12
Suppose 4*k - 18 = 14. Suppose 2*c - d - 39 = -0*c, 4*c + 2*d - 82 = 0. Calculate the greatest common divisor of c and k.
4
Suppose 0 = 2*o - o - 4. Let j be (72 - 1) + (-8)/o. Calculate the greatest common factor of j and 46.
23
Let t be (-69)/(-21) + (-2)/7. Let v = 5 - t. Suppose 5*u + v*d - 48 + 2 = 0, -5*d = -4*u + 50. Calculate the greatest common divisor of u and 80.
10
Let p be 346/28*2 + 2/7. Let o be 48/5 + (-4)/(-10). What is the highest common factor of o and p?
5
Suppose -2*n + 72 = n. Let x(c) = c**3 - 8*c**2 - c + 10. Let w be x(8). Suppose -t - 24 = -w*t. Calculate the highest common factor of t and n.
24
Let h(q) = -q**2 + q + 7. Let z be h(0). Calculate the highest common divisor of 77 and z.
7
Suppose -5*r = -0*r + 5*n + 5, -n - 16 = -4*r. Suppose 4*f + 20 = 0, 0*s + 3*f - 45 = -r*s. Calculate the greatest common divisor of s and 10.
10
Let x(m) = -m**2 - 21*m + 14. Let d be x(-21). Calculate the highest common factor of 98 and d.
14
Let w(p) = -4*p**3 + 2*p**2 + 2*p + 1. Let k be w(-1). Suppose k*c + 4 = 19. Let i be -3*(-1)/c*11. What is the greatest common divisor of 121 and i?
11
Suppose 2*o + z + 21 = o, 0 = -5*o + 4*z - 132. Let u be o/1*2/(-6). Suppose 3*x - u = -x. Calculate the greatest common divisor of 6 and x.
2
Suppose -63 = -4*k + k. Suppose 3*y + 3*o = k, -4*o + 7 = 5*y - 28. Calculate the greatest common factor of y and 63.
7
Suppose -z + 3*z - 172 = -4*d, -4*z - 16 = 0. Calculate the greatest common divisor of d and 15.
15
Suppose -2*o + 8 = -0*o. What is the greatest common divisor of 8 and o?
4
Suppose -k + 5 = -13. Suppose 5*j + 4*q - 360 = 0, 5*q + 175 + 41 = 3*j. What is the greatest common factor of j and k?
18
Let p = -13 - -112. Calculate the highest common divisor of p and 9.
9
Let w = 21 - 13. Suppose -1 + 5 = 2*k. What is the highest common divisor of k and w?
2
Let k(q) = -q**3 + 7*q**2 - 4*q + 6. Let w be k(5). What is the highest common factor of w and 4?
4
Suppose -3*y = -2*v - 171, -4*y = y + 5*v - 260. What is the highest common factor of y and 5?
5
Let j be ((-4)/(-6))/(3/1620). Suppose 2*p + 60 - j = 0. What is the greatest common divisor of p and 60?
30
Let a(f) = 3*f + 17. Let c be a(-5). What is the greatest common factor of c and 1?
1
Suppose -2*w - 5*t + 363 = 0, 0 = -2*w - 3*w - 2*t + 939. Calculate the highest common factor of 21 and w.
21
Let f(s) = -6*s - 4. Let l be f(3). Suppose 3*a = -q - 15, -2*a - 3*a = q + 17. Let r = q - l. Calculate the highest common factor of r and 4.
2
Let p = 13 + -4. Let z = p - -4. Suppose 8 = 5*r - 57. What is the highest common divisor of r and z?
13
Let p(a) = -2*a**3 - 2*a**2 - 2. Let q be p(-5). Suppose -3*n = -x - q, 4*n = -n - x + 330. Calculate the highest common divisor of n and 22.
22
Let s = 32 + -14. Let f(n) = -n + 3. Let l be f(3). Suppose l*w + s = 2*w. Calculate the highest common factor of w and 6.
3
Suppose 4*z = -0*z + 8. Suppose -5*i + 3 = 2*k, z*i + 1 = k + 4. Let n(q) = 8*q**2 + q + 1. Let s be n(k). What is the highest common divisor of s and 88?
8
Suppose 2*r + i = 81, 5*r - i = 257 - 72. Let p = -8 + -15. Let x = p + r. Calculate the greatest common factor of 60 and x.
15
Suppose 3*k - 5 = 16. Calculate the greatest common factor of 77 and k.
7
Let f be (-11 - -19)*(1 - 0). What is the highest common factor of f and 8?
8
Let o(r) = 3*r**2 + 4*r + 4. Let j be o(5). Calculate the greatest common factor of j and 11.
11
Suppose 0*t - 4*g = -4*t + 2196, t = -g + 549. Calculate the highest common factor of 61 and t.
61
Let j = 65 - 45. What is the highest common divisor of j and 20?
20
Let n = 1 - 0. Let r be ((-6)/(-2) - 0) + 0. Let d be (-4)/(-6)*r/2. Calculate the greatest common divisor of d and n.
1
Suppose -67 + 25 = -2*l. What is the highest common factor of 21 and l?
21
Let m = 286 - 150. Suppose 4*n - 304 = -6*a + 2*a, -m = -2*n + 2*a. Let w be 1 - (14/(-2) - 0). Calculate the greatest common factor of n and w.
8
Let b = -288 - -405. Suppose 0 = p - 2*u - 11, -2*p + 6*u + 21 = u. Calculate the highest common factor of p and b.
13
Let k be (-3 - -2) + 66/2. Let z = k - 2. What is the highest common divisor of z and 6?
6
Suppose -5*f + 85 = 4*t, -3*t + 2*f + 20 = -3*f. Let r be 50/t - (-1)/(-3). Calculate the greatest common divisor of 2 and r.
1
Let n(d) be the first derivative of 15*d**4/4 - d**3/3 + d**2 - d + 2. Let k be n(1). What is the highest common factor of k and 3?
3
Let q be (-2 + 2)/(1/1). Let c(j) = q - 2 + 5*j + 5. Let z be c(3). Calculate the highest common divisor of 18 and z.
18
Let p be -1 - -17 - (0 - -2). Suppose -1 - 3 = -2*f. Suppose f*o - 70 = -0*o. What is the highest common factor of o and p?
7
Suppose -x + 30 = 12. Calculate the greatest common divisor of x and 72.
18
Let a be 48/15*(-60)/(-2). Suppose -6*z = -2*z - a. What is the greatest common factor of 3 and z?
3
Let s(n) = -n + 12. Let t be s(9). Let x = t - 3. Suppose 3*f - f - 4 = x. Calculate the greatest common divisor of f and 16.
2
Suppose 4*f = r, -4*f + 3*f = 5*r - 42. Suppose 11 = -4*n + 3. Let w = 34 + n. What is the highest common factor of r and w?
8
Let y = -4 - -8. Suppose 0 = 2*q + q - 108. What is the highest common divisor of q and y?
4
Suppose 2*q - 80 = -2*q. Calculate the highest common divisor of q and 180.
20
Let t(h) = 4*h + 6. Let u be t(7). Calculate the highest common factor of 51 and u.
17
Suppose 0 = 2*s - w - 27, 0 = -2*s - 0*s + 3*w + 21. What is the greatest common divisor of 3 and s?
3
Suppose -3*n + 29 = -43. Suppose 3*l = -l + n. Let b be (2 + 0)/(-2) + l. Calculate the greatest common divisor of 55 and b.
5
Suppose -k + 84 = 2*k - 4*l, 0 = -2*k + 2*l + 56. Suppose -4*i - k = -4*j, 4*j + 4 = i - 5*i. What is the highest common factor of j and 15?
3
Let j = -268 - -382. What is the highest common divisor of 38 and j?
38
Suppose 5*t + 2 = -2*n + 4, -n - 2*t = -3. Calculate the highest common factor of 33 and n.
11
Let u be 3/3*(-2 - -2 - -10). What is the greatest common factor of 5 and u?
5
Suppose -4*k + g + 3*g + 176 = 0, 2*g - 29 = -k. Let u(j) = -j + 47. Let r be u(21). Calculate the highest common divisor of k and r.
13
Let i(x) = -10*x - 1. Let s be i(-1). What is the greatest common divisor of s and 9?
9
Let y be 1 + 28 + -1 + 4. What is the greatest common divisor of y and 4?
4
Let t(u) = 1 + 7*u**2 + u**3 - 3*u**2 + 0*u**2. Let z be t(-4). Let o be (4/14)/(z/7). What is the greatest common factor of o and 5?
1
Let p be 45/(-12) - 2/8. Let y(w) be the first derivative of -3*w**2/2 - 1. Let c be y(p). What is the greatest common divisor of c and 108?
12
Let o(h) = -7*h + 2. Let b be o(-2). Suppose 3*s - 5*m - 47 = 0, 62 = 5*s - 2*s - 2*m. Calculate the greatest common divisor of s and b.
8
Let f(s) = s**2 - 19*s + 19. Let u be f(19). What is the greatest common divisor of u and 171?
19
Let z(j) = j + 19. Let k be z(-9). Calculate the greatest common divisor of k and 110.
10
Suppose -2*z + 183 = 13. Let o = -55 + z. Calculate the greatest common divisor of o and 10.
10
Let t be (8/(-28))/(1/(-7)). Let f be (11/(-3))/((-1)/6). Calculate the gre